
What is the hundred thousands digit of 1152683313?
6
What is the thousands digit of 16165032?
5
What is the millions digit of 968247078?
8
What is the billions digit of 3432010931?
3
What is the ten thousands digit of 169961025?
6
What is the ten thousands digit of 507172693?
7
What is the tens digit of 296084408?
0
What is the thousands digit of 8975860?
5
What is the hundreds digit of 1056480862?
8
What is the tens digit of 138841792?
9
What is the hundred thousands digit of 481373625?
3
What is the tens digit of 2409852276?
7
What is the ten thousands digit of 887268486?
6
What is the hundreds digit of 41920012?
0
What is the hundred thousands digit of 73696166?
6
What is the hundred thousands digit of 165371623?
3
What is the ten millions digit of 370678010?
7
What is the thousands digit of 405393548?
3
What is the ten thousands digit of 18679423?
7
What is the billions digit of 1483809103?
1
What is the hundred thousands digit of 55786843?
7
What is the hundreds digit of 515005008?
0
What is the ten millions digit of 85537098?
8
What is the units digit of 45654785?
5
What is the units digit of 337992264?
4
What is the units digit of 186889667?
7
What is the hundred millions digit of 2368198318?
3
What is the tens digit of 126498847?
4
What is the ten millions digit of 3668392890?
6
What is the hundred millions digit of 264565329?
2
What is the units digit of 2040650?
0
What is the hundreds digit of 281522784?
7
What is the hundred millions digit of 500991467?
5
What is the hundred millions digit of 964758433?
9
What is the ten millions digit of 6558220314?
5
What is the hundreds digit of 2687981449?
4
What is the millions digit of 1674869355?
4
What is the tens digit of 119073993?
9
What is the hundreds digit of 1227055461?
4
What is the ten millions digit of 19640966?
1
What is the ten millions digit of 49785012?
4
What is the ten millions digit of 25719392?
2
What is the hundred millions digit of 630952684?
6
What is the ten millions digit of 138682334?
3
What is the thousands digit of 36272458?
2
What is the hundreds digit of 51330469?
4
What is the tens digit of 5051789894?
9
What is the millions digit of 67216493?
7
What is the tens digit of 391030902?
0
What is the units digit of 63165571?
1
What is the thousands digit of 688249010?
9
What is the ten thousands digit of 10596551?
9
What is the units digit of 252534688?
8
What is the thousands digit of 1274426848?
6
What is the thousands digit of 53778666?
8
What is the ten millions digit of 110293600?
1
What is the billions digit of 1218933678?
1
What is the millions digit of 1068814842?
8
What is the billions digit of 4363448812?
4
What is the ten thousands digit of 3086627985?
2
What is the hundred thousands digit of 402971330?
9
What is the millions digit of 153899553?
3
What is the ten millions digit of 36523364?
3
What is the hundred millions digit of 692548930?
6
What is the hundred millions digit of 1398323147?
3
What is the hundreds digit of 59078753?
7
What is the hundreds digit of 45822400?
4
What is the hundreds digit of 29657207?
2
What is the ten millions digit of 14252566?
1
What is the tens digit of 6902905861?
6
What is the millions digit of 376853427?
6
What is the ten thousands digit of 1540143551?
4
What is the millions digit of 13314544?
3
What is the hundred millions digit of 914571707?
9
What is the ten thousands digit of 802923040?
2
What is the ten millions digit of 675678556?
7
What is the tens digit of 2521664223?
2
What is the hundreds digit of 656450137?
1
What is the ten thousands digit of 5636220812?
2
What is the ten thousands digit of 2429874937?
7
What is the hundred thousands digit of 1621705623?
7
What is the hundreds digit of 977481692?
6
What is the hundred thousands digit of 610015502?
0
What is the thousands digit of 86300857?
0
What is the ten thousands digit of 1050488618?
8
What is the hundred thousands digit of 467448163?
4
What is the ten thousands digit of 7352077520?
7
What is the billions digit of 1096207497?
1
What is the hundred thousands digit of 31168203?
1
What is the units digit of 743152718?
8
What is the units digit of 115620983?
3
What is the ten thousands digit of 1173656113?
5
What is the units digit of 66185018?
8
What is the hundreds digit of 304451073?
0
What is the units digit of 302317265?
5
What is the ten thousands digit of 35963236?
6
What is the units digit of 203504086?
6
What is the hundred thousands digit of 163164749?
1
What is the hundred thousands digit of 19360900?
3
What is the hundred thousands digit of 36219899?
2
What is the millions digit of 202197277?
2
What is the units digit of 17649816?
6
What is the hundreds digit of 72332420?
4
What is the thousands digit of 48521851?
1
What is the thousands digit of 124876206?
6
What is the hundreds digit of 1358390172?
1
What is the units digit of 10664773?
3
What is the ten thousands digit of 77497815?
9
What is the ten millions digit of 757250679?
5
What is the millions digit of 158763656?
8
What is the millions digit of 86974839?
6
What is the hundreds digit of 203259294?
2
What is the tens digit of 11103215?
1
What is the tens digit of 143784024?
2
What is the thousands digit of 65902116?
2
What is the units digit of 2090446061?
1
What is the tens digit of 1578247600?
0
What is the thousands digit of 94626691?
6
What is the hundreds digit of 174867173?
1
What is the hundred thousands digit of 2098384747?
3
What is the thousands digit of 44703145?
3
What is the millions digit of 897440810?
7
What is the hundreds digit of 317933491?
4
What is the thousands digit of 78004368?
4
What is the ten millions digit of 4735094740?
3
What is the hundred thousands digit of 216943671?
9
What is the billions digit of 2351413252?
2
What is the tens digit of 1053132?
3
What is the tens digit of 7990752019?
1
What is the ten millions digit of 197700504?
9
What is the units digit of 2945509351?
1
What is the hundred millions digit of 1680663326?
6
What is the millions digit of 584240958?
4
What is the hundred millions digit of 4015751593?
0
What is the units digit of 1967119206?
6
What is the millions digit of 296579961?
6
What is the ten millions digit of 58419266?
5
What is the millions digit of 18354382?
8
What is the tens digit of 1721850748?
4
What is the units digit of 18671918?
8
What is the units digit of 977888470?
0
What is the tens digit of 128515038?
3
What is the hundreds digit of 1366176857?
8
What is the ten millions digit of 124844261?
2
What is the hundred thousands digit of 7297685?
2
What is the tens digit of 744304793?
9
What is the hundreds digit of 130266?
2
What is the units digit of 58117443?
3
What is the units digit of 3053662883?
3
What is the ten thousands digit of 425425079?
2
What is the billions digit of 4200073653?
4
What is the millions digit of 4063266355?
3
What is the ten thousands digit of 505428841?
2
What is the ten thousands digit of 21051404?
5
What is the tens digit of 6646988?
8
What is the hundred thousands digit of 81742667?
7
What is the hundreds digit of 234993596?
5
What is the hundred millions digit of 866223259?
8
What is the units digit of 41644822?
2
What is the thousands digit of 43019302?
9
What is the ten millions digit of 2096560898?
9
What is the units digit of 493027572?
2
What is the units digit of 63282549?
9
What is the ten millions digit of 254661022?
5
What is the hundreds digit of 111712738?
7
What is the thousands digit of 416970358?
0
What is the units digit of 65398832?
2
What is the ten millions digit of 27541546?
2
What is the ten thousands digit of 779693351?
9
What is the thousands digit of 271905823?
5
What is the hundred thousands digit of 43374135?
3
What is the tens digit of 680692444?
4
What is the millions digit of 3101507704?
1
What is the units digit of 223032287?
7
What is the units digit of 57152420?
0
What is the hundred thousands digit of 2602382440?
3
What is the thousands digit of 212821?
2
What is the hundreds digit of 8338248198?
1
What is the tens digit of 20400844?
4
What is the millions digit of 398488062?
8
What is the tens digit of 99759553?
5
What is the hundreds digit of 242364426?
4
What is the hundred thousands digit of 521608880?
6
What is the ten millions digit of 1752234144?
5